{"id":9,"date":"2023-07-25T12:29:25","date_gmt":"2023-07-25T10:29:25","guid":{"rendered":"https:\/\/martingatoux.fr\/?page_id=9"},"modified":"2023-08-31T15:28:07","modified_gmt":"2023-08-31T13:28:07","slug":"apropos","status":"publish","type":"page","link":"https:\/\/martingatoux.fr\/?page_id=9","title":{"rendered":"Qui suis-je ?"},"content":{"rendered":"<style>.kb-row-layout-wrap.wp-block-kadence-rowlayout.kb-row-layout-id9_4f2865-6a{margin-top:var(--global-kb-spacing-lg, 3rem);}.kb-row-layout-id9_4f2865-6a > .kt-row-column-wrap{align-content:start;}:where(.kb-row-layout-id9_4f2865-6a > .kt-row-column-wrap) > .wp-block-kadence-column{justify-content:start;}.kb-row-layout-id9_4f2865-6a > .kt-row-column-wrap{column-gap:var(--global-kb-gap-md, 2rem);row-gap:var(--global-kb-gap-md, 2rem);max-width:986px;margin-left:auto;margin-right:auto;padding-top:var(--global-kb-spacing-md, 2rem);padding-bottom:var(--global-kb-spacing-sm, 1.5rem);grid-template-columns:minmax(0, calc(65.7% - ((var(--global-kb-gap-md, 2rem) * 1 )\/2))) minmax(0, calc(34.3% - ((var(--global-kb-gap-md, 2rem) * 1 )\/2)));}.kb-row-layout-id9_4f2865-6a > .kt-row-layout-overlay{opacity:0.30;}@media all and (max-width: 1024px){.kb-row-layout-id9_4f2865-6a > .kt-row-column-wrap{grid-template-columns:repeat(2, minmax(0, 1fr));}}@media all and (max-width: 767px){.kb-row-layout-id9_4f2865-6a > .kt-row-column-wrap{padding-top:var(--global-kb-spacing-xxs, 0.5rem);grid-template-columns:minmax(0, 1fr);}}<\/style><div class=\"kb-row-layout-wrap kb-row-layout-id9_4f2865-6a alignnone wp-block-kadence-rowlayout\"><div class=\"kt-row-column-wrap kt-has-2-columns kt-row-layout-equal kt-tab-layout-inherit kt-mobile-layout-row kt-row-valign-top\">\n<style>.kadence-column9_5407b5-9a > .kt-inside-inner-col,.kadence-column9_5407b5-9a > .kt-inside-inner-col:before{border-top-left-radius:0px;border-top-right-radius:0px;border-bottom-right-radius:0px;border-bottom-left-radius:0px;}.kadence-column9_5407b5-9a > .kt-inside-inner-col{column-gap:var(--global-kb-gap-sm, 1rem);}.kadence-column9_5407b5-9a > .kt-inside-inner-col{flex-direction:column;}.kadence-column9_5407b5-9a > .kt-inside-inner-col > .aligncenter{width:100%;}.kadence-column9_5407b5-9a > .kt-inside-inner-col:before{opacity:0.3;}.kadence-column9_5407b5-9a{position:relative;}@media all and (max-width: 1024px){.kadence-column9_5407b5-9a > .kt-inside-inner-col{flex-direction:column;}}@media all and (max-width: 767px){.kadence-column9_5407b5-9a > .kt-inside-inner-col{flex-direction:column;}}<\/style>\n<div class=\"wp-block-kadence-column kadence-column9_5407b5-9a\"><div class=\"kt-inside-inner-col\"><style>.wp-block-kadence-advancedheading.kt-adv-heading9_4f1af0-ab, .wp-block-kadence-advancedheading.kt-adv-heading9_4f1af0-ab[data-kb-block=\"kb-adv-heading9_4f1af0-ab\"]{font-size:var(--global-kb-font-size-xl, 3rem);font-style:normal;}.wp-block-kadence-advancedheading.kt-adv-heading9_4f1af0-ab mark, .wp-block-kadence-advancedheading.kt-adv-heading9_4f1af0-ab[data-kb-block=\"kb-adv-heading9_4f1af0-ab\"] mark{font-style:normal;color:#f76a0c;padding-top:0px;padding-right:0px;padding-bottom:0px;padding-left:0px;}<\/style>\n<h2 class=\"kt-adv-heading9_4f1af0-ab wp-block-kadence-advancedheading has-theme-palette-1-color has-text-color\" data-kb-block=\"kb-adv-heading9_4f1af0-ab\">Qui suis-je ?<\/h2>\n\n\n<style>.wp-block-kadence-advancedheading.kt-adv-heading9_14a45b-44, .wp-block-kadence-advancedheading.kt-adv-heading9_14a45b-44[data-kb-block=\"kb-adv-heading9_14a45b-44\"]{padding-left:var(--global-kb-spacing-md, 2rem);font-size:16px;font-style:normal;}.wp-block-kadence-advancedheading.kt-adv-heading9_14a45b-44 mark, .wp-block-kadence-advancedheading.kt-adv-heading9_14a45b-44[data-kb-block=\"kb-adv-heading9_14a45b-44\"] mark{font-style:normal;color:#f76a0c;padding-top:0px;padding-right:0px;padding-bottom:0px;padding-left:0px;}@media all and (max-width: 767px){.wp-block-kadence-advancedheading.kt-adv-heading9_14a45b-44, .wp-block-kadence-advancedheading.kt-adv-heading9_14a45b-44[data-kb-block=\"kb-adv-heading9_14a45b-44\"]{padding-left:var(--global-kb-spacing-xs, 1rem);font-size:var(--global-kb-font-size-sm, 0.9rem);}}<\/style>\n<h2 class=\"kt-adv-heading9_14a45b-44 wp-block-kadence-advancedheading has-theme-palette-4-color has-text-color\" data-kb-block=\"kb-adv-heading9_14a45b-44\">Je photographie les animaux sauvages depuis quelques ann\u00e9es en parall\u00e8le de mon activit\u00e9 d&#8217;enseignant en sciences sociales au lyc\u00e9e. <\/h2>\n\n\n<style>.wp-block-kadence-advancedheading.kt-adv-heading9_ae924b-f1, .wp-block-kadence-advancedheading.kt-adv-heading9_ae924b-f1[data-kb-block=\"kb-adv-heading9_ae924b-f1\"]{padding-left:var(--global-kb-spacing-md, 2rem);font-size:16px;font-style:normal;}.wp-block-kadence-advancedheading.kt-adv-heading9_ae924b-f1 mark, .wp-block-kadence-advancedheading.kt-adv-heading9_ae924b-f1[data-kb-block=\"kb-adv-heading9_ae924b-f1\"] mark{font-style:normal;color:#f76a0c;padding-top:0px;padding-right:0px;padding-bottom:0px;padding-left:0px;}@media all and (max-width: 767px){.wp-block-kadence-advancedheading.kt-adv-heading9_ae924b-f1, .wp-block-kadence-advancedheading.kt-adv-heading9_ae924b-f1[data-kb-block=\"kb-adv-heading9_ae924b-f1\"]{padding-left:var(--global-kb-spacing-xs, 1rem);font-size:var(--global-kb-font-size-sm, 0.9rem);}}<\/style>\n<h2 class=\"kt-adv-heading9_ae924b-f1 wp-block-kadence-advancedheading has-theme-palette-4-color has-text-color\" data-kb-block=\"kb-adv-heading9_ae924b-f1\">Je suis attach\u00e9 au fait que les images sont l&#8217;aboutissement d&#8217;un travail complet, du rep\u00e9rage des animaux jusqu&#8217;\u00e0 l&#8217;\u00e9dition des photographies, en passant par la prise de vue et le traitement des photographies.<\/h2>\n\n\n<style>.wp-block-kadence-advancedheading.kt-adv-heading9_82d885-a3, .wp-block-kadence-advancedheading.kt-adv-heading9_82d885-a3[data-kb-block=\"kb-adv-heading9_82d885-a3\"]{padding-left:var(--global-kb-spacing-md, 2rem);font-size:16px;font-style:normal;}.wp-block-kadence-advancedheading.kt-adv-heading9_82d885-a3 mark, .wp-block-kadence-advancedheading.kt-adv-heading9_82d885-a3[data-kb-block=\"kb-adv-heading9_82d885-a3\"] mark{font-style:normal;color:#f76a0c;padding-top:0px;padding-right:0px;padding-bottom:0px;padding-left:0px;}@media all and (max-width: 767px){.wp-block-kadence-advancedheading.kt-adv-heading9_82d885-a3, .wp-block-kadence-advancedheading.kt-adv-heading9_82d885-a3[data-kb-block=\"kb-adv-heading9_82d885-a3\"]{padding-left:var(--global-kb-spacing-xs, 1rem);font-size:var(--global-kb-font-size-sm, 0.9rem);}}<\/style>\n<h2 class=\"kt-adv-heading9_82d885-a3 wp-block-kadence-advancedheading has-theme-palette-4-color has-text-color\" data-kb-block=\"kb-adv-heading9_82d885-a3\">Originaire de la c\u00f4te d&#8217;Opale, je vis aujourd&#8217;hui au sud du Morvan en Bourgogne apr\u00e8s quelques ann\u00e9es \u00e0 Paris. Je photographie essentiellement autour de chez moi, sans m&#8217;interdire de partir parfois quelques jours, seul, dans une autre r\u00e9gion pour y chercher les animaux.<\/h2>\n\n\n<style>.wp-block-kadence-advancedheading.kt-adv-heading9_e7a635-17, .wp-block-kadence-advancedheading.kt-adv-heading9_e7a635-17[data-kb-block=\"kb-adv-heading9_e7a635-17\"]{padding-left:var(--global-kb-spacing-md, 2rem);font-size:16px;font-style:normal;}.wp-block-kadence-advancedheading.kt-adv-heading9_e7a635-17 mark, .wp-block-kadence-advancedheading.kt-adv-heading9_e7a635-17[data-kb-block=\"kb-adv-heading9_e7a635-17\"] mark{font-style:normal;color:#f76a0c;padding-top:0px;padding-right:0px;padding-bottom:0px;padding-left:0px;}.wp-block-kadence-advancedheading.kt-adv-heading9_e7a635-17[data-kb-block=\"kb-adv-heading9_e7a635-17\"] a, a.kb-advanced-heading-link.kt-adv-heading-link9_e7a635-17{text-decoration:underline;}.wp-block-kadence-advancedheading.kt-adv-heading9_e7a635-17[data-kb-block=\"kb-adv-heading9_e7a635-17\"] a:hover, a.kb-advanced-heading-link.kt-adv-heading-link9_e7a635-17:hover{text-decoration:underline;}@media all and (max-width: 767px){.wp-block-kadence-advancedheading.kt-adv-heading9_e7a635-17, .wp-block-kadence-advancedheading.kt-adv-heading9_e7a635-17[data-kb-block=\"kb-adv-heading9_e7a635-17\"]{padding-left:var(--global-kb-spacing-xs, 1rem);font-size:var(--global-kb-font-size-sm, 0.9rem);}}<\/style>\n<h2 class=\"kt-adv-heading9_e7a635-17 wp-block-kadence-advancedheading has-theme-palette-4-color has-text-color hls-underline\" data-kb-block=\"kb-adv-heading9_e7a635-17\">Mon int\u00e9r\u00eat pour la faune sauvage ne se limite pas \u00e0 l&#8217;activit\u00e9 photographique. Je suis \u00e9galement passionn\u00e9 par les ambivalences des relations entre humains et animaux sauvages. A ce titre, j&#8217;accompagne ma pratique de lectures en sciences sociales, en sciences du vivant et en philosophie . En retour, ces lectures nourrissent mes r\u00e9flexions sur la photographie animali\u00e8re, que je r\u00e9sume sur <a href=\"https:\/\/martingatoux.fr\/?page_id=15\" data-type=\"page\" data-id=\"15\">ce site <\/a>et qui, je l&#8217;esp\u00e8re, contribueront \u00e0 construire des projets photographiques int\u00e9ressants.<\/h2>\n\n\n<style>.wp-block-kadence-advancedheading.kt-adv-heading9_ca6aec-b0, .wp-block-kadence-advancedheading.kt-adv-heading9_ca6aec-b0[data-kb-block=\"kb-adv-heading9_ca6aec-b0\"]{margin-bottom:var(--global-kb-spacing-lg, 3rem);margin-left:var(--global-kb-spacing-md, 2rem);font-size:16px;font-style:normal;}.wp-block-kadence-advancedheading.kt-adv-heading9_ca6aec-b0 mark, .wp-block-kadence-advancedheading.kt-adv-heading9_ca6aec-b0[data-kb-block=\"kb-adv-heading9_ca6aec-b0\"] mark{font-style:normal;color:#f76a0c;padding-top:0px;padding-right:0px;padding-bottom:0px;padding-left:0px;}.wp-block-kadence-advancedheading.kt-adv-heading9_ca6aec-b0[data-kb-block=\"kb-adv-heading9_ca6aec-b0\"] a, a.kb-advanced-heading-link.kt-adv-heading-link9_ca6aec-b0{text-decoration:underline;}.wp-block-kadence-advancedheading.kt-adv-heading9_ca6aec-b0[data-kb-block=\"kb-adv-heading9_ca6aec-b0\"] a:hover, a.kb-advanced-heading-link.kt-adv-heading-link9_ca6aec-b0:hover{text-decoration:underline;}@media all and (max-width: 767px){.wp-block-kadence-advancedheading.kt-adv-heading9_ca6aec-b0, .wp-block-kadence-advancedheading.kt-adv-heading9_ca6aec-b0[data-kb-block=\"kb-adv-heading9_ca6aec-b0\"]{padding-left:var(--global-kb-spacing-xs, 1rem);margin-bottom:0px;margin-left:0px;font-size:var(--global-kb-font-size-sm, 0.9rem);}}<\/style>\n<h2 class=\"kt-adv-heading9_ca6aec-b0 wp-block-kadence-advancedheading has-theme-palette-4-color has-text-color hls-underline\" data-kb-block=\"kb-adv-heading9_ca6aec-b0\">Pour suivre mes aventures, n&#8217;h\u00e9sitez pas \u00e0 vous inscrire \u00e0 ma <a href=\"https:\/\/martingatoux.fr\/?page_id=11\" data-type=\"page\" data-id=\"11\">newsletter <\/a>!<\/h2>\n<\/div><\/div>\n\n\n<style>.kadence-column9_75f0ff-5e > .kt-inside-inner-col{display:flex;}.kadence-column9_75f0ff-5e > .kt-inside-inner-col,.kadence-column9_75f0ff-5e > .kt-inside-inner-col:before{border-top-left-radius:0px;border-top-right-radius:0px;border-bottom-right-radius:0px;border-bottom-left-radius:0px;}.kadence-column9_75f0ff-5e > .kt-inside-inner-col{column-gap:var(--global-kb-gap-sm, 1rem);}.kadence-column9_75f0ff-5e > .kt-inside-inner-col{flex-direction:column;justify-content:flex-start;}.kadence-column9_75f0ff-5e > .kt-inside-inner-col > .aligncenter{width:100%;}.kt-row-column-wrap > .kadence-column9_75f0ff-5e{align-self:flex-start;}.kt-inner-column-height-full:not(.kt-has-1-columns) > .wp-block-kadence-column.kadence-column9_75f0ff-5e{align-self:auto;}.kt-inner-column-height-full:not(.kt-has-1-columns) > .wp-block-kadence-column.kadence-column9_75f0ff-5e > .kt-inside-inner-col{flex-direction:column;justify-content:flex-start;}.kadence-column9_75f0ff-5e > .kt-inside-inner-col:before{opacity:0.3;background-color:rgba(83,104,58,0);}.kadence-column9_75f0ff-5e{position:relative;}@media all and (max-width: 1024px){.kadence-column9_75f0ff-5e > .kt-inside-inner-col{flex-direction:column;}}@media all and (max-width: 767px){.kadence-column9_75f0ff-5e{text-align:center;}.kadence-column9_75f0ff-5e > .kt-inside-inner-col{flex-direction:column;}}<\/style>\n<div class=\"wp-block-kadence-column kadence-column9_75f0ff-5e kb-section-has-overlay kb-section-dir-vertical kb-section-sm-dir-vertical\"><div class=\"kt-inside-inner-col\"><div class=\"wp-block-image\">\n<figure class=\"aligncenter size-full is-resized wp-duotone-313d23-rgb203203203-1\"><img loading=\"lazy\" decoding=\"async\" src=\"https:\/\/martingatoux.fr\/wp-content\/uploads\/2023\/08\/176033614_10225389915159471_1325594062710457831_n-2.jpg\" alt=\"\" class=\"wp-image-1049\" style=\"width:248px;height:331px\" width=\"248\" height=\"331\" srcset=\"https:\/\/martingatoux.fr\/wp-content\/uploads\/2023\/08\/176033614_10225389915159471_1325594062710457831_n-2.jpg 750w, https:\/\/martingatoux.fr\/wp-content\/uploads\/2023\/08\/176033614_10225389915159471_1325594062710457831_n-2-225x300.jpg 225w\" sizes=\"(max-width: 248px) 100vw, 248px\" \/><\/figure><\/div><\/div><\/div>\n\n<\/div><\/div>","protected":false},"excerpt":{"rendered":"<p>Qui suis-je ? Je photographie les animaux sauvages depuis quelques ann\u00e9es en parall\u00e8le de mon activit\u00e9 d&#8217;enseignant en sciences sociales au lyc\u00e9e. Je suis attach\u00e9 au fait que les images sont l&#8217;aboutissement d&#8217;un travail complet, du rep\u00e9rage des animaux jusqu&#8217;\u00e0 l&#8217;\u00e9dition des photographies, en passant par la prise de vue et le traitement des photographies&#8230;.<\/p>\n","protected":false},"author":1,"featured_media":0,"parent":0,"menu_order":0,"comment_status":"closed","ping_status":"closed","template":"","meta":{"_monsterinsights_skip_tracking":false,"_monsterinsights_sitenote_active":false,"_monsterinsights_sitenote_note":"","_monsterinsights_sitenote_category":0,"_kad_post_transparent":"disable","_kad_post_title":"hide","_kad_post_layout":"normal","_kad_post_sidebar_id":"","_kad_post_content_style":"unboxed","_kad_post_vertical_padding":"","_kad_post_feature":"","_kad_post_feature_position":"","_kad_post_header":false,"_kad_post_footer":false,"footnotes":""},"_links":{"self":[{"href":"https:\/\/martingatoux.fr\/index.php?rest_route=\/wp\/v2\/pages\/9"}],"collection":[{"href":"https:\/\/martingatoux.fr\/index.php?rest_route=\/wp\/v2\/pages"}],"about":[{"href":"https:\/\/martingatoux.fr\/index.php?rest_route=\/wp\/v2\/types\/page"}],"author":[{"embeddable":true,"href":"https:\/\/martingatoux.fr\/index.php?rest_route=\/wp\/v2\/users\/1"}],"replies":[{"embeddable":true,"href":"https:\/\/martingatoux.fr\/index.php?rest_route=%2Fwp%2Fv2%2Fcomments&post=9"}],"version-history":[{"count":45,"href":"https:\/\/martingatoux.fr\/index.php?rest_route=\/wp\/v2\/pages\/9\/revisions"}],"predecessor-version":[{"id":1176,"href":"https:\/\/martingatoux.fr\/index.php?rest_route=\/wp\/v2\/pages\/9\/revisions\/1176"}],"wp:attachment":[{"href":"https:\/\/martingatoux.fr\/index.php?rest_route=%2Fwp%2Fv2%2Fmedia&parent=9"}],"curies":[{"name":"wp","href":"https:\/\/api.w.org\/{rel}","templated":true}]}}