{"id":11,"date":"2023-07-25T12:29:54","date_gmt":"2023-07-25T10:29:54","guid":{"rendered":"https:\/\/martingatoux.fr\/?page_id=11"},"modified":"2023-08-21T13:44:56","modified_gmt":"2023-08-21T11:44:56","slug":"contact-newsletter","status":"publish","type":"page","link":"https:\/\/martingatoux.fr\/?page_id=11","title":{"rendered":"Contact &#038; Newsletter"},"content":{"rendered":"<style>.kb-row-layout-id11_822725-d3 > .kt-row-column-wrap{align-content:start;}:where(.kb-row-layout-id11_822725-d3 > .kt-row-column-wrap) > .wp-block-kadence-column{justify-content:start;}.kb-row-layout-id11_822725-d3 > .kt-row-column-wrap{column-gap:var(--global-kb-gap-md, 2rem);row-gap:var(--global-kb-gap-md, 2rem);grid-template-columns:minmax(0, 1fr);}.kb-row-layout-id11_822725-d3 > .kt-row-layout-overlay{opacity:0.30;}@media all and (max-width: 1024px){.kb-row-layout-id11_822725-d3 > .kt-row-column-wrap{grid-template-columns:minmax(0, 1fr);}}@media all and (max-width: 767px){.kb-row-layout-id11_822725-d3 > .kt-row-column-wrap{grid-template-columns:minmax(0, 1fr);}}<\/style><div class=\"kb-row-layout-wrap kb-row-layout-id11_822725-d3 alignwide wp-block-kadence-rowlayout\"><div class=\"kt-row-column-wrap kt-has-1-columns kt-row-layout-equal kt-tab-layout-inherit kt-mobile-layout-row kt-row-valign-top\">\n<style>.kadence-column11_17fc93-b8 > .kt-inside-inner-col,.kadence-column11_17fc93-b8 > .kt-inside-inner-col:before{border-top-left-radius:0px;border-top-right-radius:0px;border-bottom-right-radius:0px;border-bottom-left-radius:0px;}.kadence-column11_17fc93-b8 > .kt-inside-inner-col{column-gap:var(--global-kb-gap-sm, 1rem);}.kadence-column11_17fc93-b8 > .kt-inside-inner-col{flex-direction:column;}.kadence-column11_17fc93-b8 > .kt-inside-inner-col > .aligncenter{width:100%;}.kadence-column11_17fc93-b8 > .kt-inside-inner-col:before{opacity:0.3;}.kadence-column11_17fc93-b8{position:relative;}@media all and (max-width: 1024px){.kadence-column11_17fc93-b8 > .kt-inside-inner-col{flex-direction:column;}}@media all and (max-width: 767px){.kadence-column11_17fc93-b8 > .kt-inside-inner-col{flex-direction:column;}}<\/style>\n<div class=\"wp-block-kadence-column kadence-column11_17fc93-b8\"><div class=\"kt-inside-inner-col\"><style>.wp-block-kadence-advancedheading.kt-adv-heading11_6e5020-98, .wp-block-kadence-advancedheading.kt-adv-heading11_6e5020-98[data-kb-block=\"kb-adv-heading11_6e5020-98\"]{padding-top:0px;padding-left:var(--global-kb-spacing-sm, 1.5rem);margin-top:var(--global-kb-spacing-5xl, 10rem);font-size:var(--global-kb-font-size-xl, 3rem);font-style:normal;}.wp-block-kadence-advancedheading.kt-adv-heading11_6e5020-98 mark, .wp-block-kadence-advancedheading.kt-adv-heading11_6e5020-98[data-kb-block=\"kb-adv-heading11_6e5020-98\"] mark{font-style:normal;color:#f76a0c;padding-top:0px;padding-right:0px;padding-bottom:0px;padding-left:0px;}@media all and (max-width: 767px){.wp-block-kadence-advancedheading.kt-adv-heading11_6e5020-98, .wp-block-kadence-advancedheading.kt-adv-heading11_6e5020-98[data-kb-block=\"kb-adv-heading11_6e5020-98\"]{max-width:1086px;padding-top:0px;padding-left:var(--global-kb-spacing-md, 2rem);margin-top:var(--global-kb-spacing-xxl, 5rem);margin-left:var(--global-kb-spacing-xxs, 0.5rem);}}<\/style>\n<h2 class=\"kt-adv-heading11_6e5020-98 wp-block-kadence-advancedheading has-theme-palette-1-color has-text-color\" data-kb-block=\"kb-adv-heading11_6e5020-98\">Me contacter<\/h2>\n<\/div><\/div>\n\n\n<style>.kadence-column11_39fe97-52 > .kt-inside-inner-col,.kadence-column11_39fe97-52 > .kt-inside-inner-col:before{border-top-left-radius:0px;border-top-right-radius:0px;border-bottom-right-radius:0px;border-bottom-left-radius:0px;}.kadence-column11_39fe97-52 > .kt-inside-inner-col{column-gap:var(--global-kb-gap-sm, 1rem);}.kadence-column11_39fe97-52 > .kt-inside-inner-col{flex-direction:column;}.kadence-column11_39fe97-52 > .kt-inside-inner-col > .aligncenter{width:100%;}.kadence-column11_39fe97-52 > .kt-inside-inner-col:before{opacity:0.3;}.kadence-column11_39fe97-52{position:relative;}@media all and (max-width: 1024px){.kadence-column11_39fe97-52 > .kt-inside-inner-col{flex-direction:column;}}@media all and (max-width: 767px){.kadence-column11_39fe97-52 > .kt-inside-inner-col{flex-direction:column;}}<\/style>\n<div class=\"wp-block-kadence-column kadence-column11_39fe97-52\"><div class=\"kt-inside-inner-col\"><style>.wp-block-kadence-advancedheading.kt-adv-heading11_0d534f-17, .wp-block-kadence-advancedheading.kt-adv-heading11_0d534f-17[data-kb-block=\"kb-adv-heading11_0d534f-17\"]{margin-left:var(--global-kb-spacing-sm, 1.5rem);font-size:16px;font-style:normal;}.wp-block-kadence-advancedheading.kt-adv-heading11_0d534f-17 mark, .wp-block-kadence-advancedheading.kt-adv-heading11_0d534f-17[data-kb-block=\"kb-adv-heading11_0d534f-17\"] mark{font-style:normal;color:#f76a0c;padding-top:0px;padding-right:0px;padding-bottom:0px;padding-left:0px;}@media all and (max-width: 767px){.wp-block-kadence-advancedheading.kt-adv-heading11_0d534f-17, .wp-block-kadence-advancedheading.kt-adv-heading11_0d534f-17[data-kb-block=\"kb-adv-heading11_0d534f-17\"]{margin-bottom:0px;margin-left:var(--global-kb-spacing-sm, 1.5rem);font-size:15px;}}<\/style>\n<h2 class=\"kt-adv-heading11_0d534f-17 wp-block-kadence-advancedheading has-theme-palette-1-color has-text-color\" data-kb-block=\"kb-adv-heading11_0d534f-17\">N&#8217;h\u00e9sitez pas \u00e0 m&#8217;\u00e9crire si vous souhaitez acheter un tirage, avoir des renseignements ou juste \u00e9changer. <\/h2>\n<\/div><\/div>\n\n<\/div><\/div>\n\n<style>.wp-block-kadence-form.kadence-form-11_67e4b1-c3.kb-form-wrap{margin-top:var(--global-kb-spacing-lg, 3rem);margin-right:var(--global-kb-spacing-md, 2rem);margin-left:var(--global-kb-spacing-md, 2rem);}.kadence-form-11_67e4b1-c3 .kb-form .kadence-blocks-form-field{margin-bottom:9px;}.kadence-form-11_67e4b1-c3 .kb-form .kadence-blocks-form-field{padding-right:0px;padding-left:0px;}.kadence-form-11_67e4b1-c3 .kb-form{margin-right:-0px;margin-left:-0px;}.kadence-form-11_67e4b1-c3 .kb-form .kadence-blocks-form-field .kb-text-style-field, .kadence-form-11_67e4b1-c3 .kb-form .kadence-blocks-form-field .kb-select-style-field{color:var(--global-palette4, #2D3748);border-radius:15px;font-size:var(--global-kb-font-size-md, 1.25rem);line-height:20px;border-width:1px 1px 1px 1px;background:#ffffff;}.kadence-form-11_67e4b1-c3 .kb-form .kadence-blocks-form-field .kb-text-style-field{padding-top:20px;padding-right:20px;padding-bottom:20px;padding-left:20px;}.kadence-form-11_67e4b1-c3 .kb-form .kadence-blocks-form-field > label{font-size:var(--global-kb-font-size-sm, 0.9rem);line-height:14px;letter-spacing:0.2px;padding-top:5px;padding-right:0px;padding-bottom:5px;padding-left:5px;}.kadence-form-11_67e4b1-c3 .kb-form .kadence-blocks-form-field.kb-accept-form-field .kb-checkbox-style{font-size:14px;height:1em;}.kadence-form-11_67e4b1-c3 .kb-form .kadence-blocks-form-field .kb-forms-submit{color:#fffffe;border-radius:13px;border-width:10px 10px 10px 10px;background:var(--global-palette4, #2D3748);border-color:var(--global-palette4, #2D3748);}.kadence-form-11_67e4b1-c3 .kb-form .kadence-blocks-form-field .kb-forms-submit:hover, .kadence-form-11_67e4b1-c3 .kb-form .kadence-blocks-form-field .kb-forms-submit:focus {color:var(--global-palette2, #2B6CB0);}.kadence-form-11_67e4b1-c3 .kb-form .kadence-blocks-form-field .kb-forms-submit{padding-top:8px;padding-right:8px;padding-bottom:8px;padding-left:8px;}.kadence-form-11_67e4b1-c3 .kb-form .kadence-blocks-form-field .kb-forms-submit{margin-top:11px;margin-right:11px;margin-bottom:11px;margin-left:11px;}.kadence-form-11_67e4b1-c3 .kb-form .kadence-blocks-form-field .kb-forms-submit{font-size:20px;line-height:20px;letter-spacing:3.8px;}.kadence-form-11_67e4b1-c3 .kadence-blocks-form-success{color:var(--global-palette4, #2D3748);border-color:rgba(0,0,0,0);background:rgba(255, 254, 254, 0);}@media all and (max-width: 767px){.wp-block-kadence-form.kadence-form-11_67e4b1-c3.kb-form-wrap{margin-top:var(--global-kb-spacing-sm, 1.5rem);}.kadence-form-11_67e4b1-c3 .kb-form .kadence-blocks-form-field{margin-bottom:1px;padding-right:7px;padding-left:7px;}.kadence-form-11_67e4b1-c3 .kb-form{margin-right:-7px;margin-left:-7px;}.kadence-form-11_67e4b1-c3 .kb-form .kadence-blocks-form-field .kb-text-style-field, .kadence-form-11_67e4b1-c3 .kb-form .kadence-blocks-form-field .kb-select-style-field{font-size:var(--global-kb-font-size-md, 1.25rem);line-height:15px;}.kadence-form-11_67e4b1-c3 .kb-form .kadence-blocks-form-field .kb-text-style-field{padding-top:15px;padding-right:15px;padding-bottom:15px;padding-left:15px;}.kadence-form-11_67e4b1-c3 .kb-form .kadence-blocks-form-field .kb-forms-submit{font-size:var(--global-kb-font-size-sm, 0.9rem);line-height:10px;}}<\/style>\n<div class=\"wp-block-kadence-form kadence-form-11_67e4b1-c3 kb-form-wrap kb-form-align-left kb-form-field-align\"><form class=\"kb-form\" action=\"\" method=\"post\"><div class=\"kadence-blocks-form-field kb-field-desk-width-100 kb-input-size-custom\"><label for=\"kb_field_11_67e4b1-c3_0\">Votre nom<\/label><input name=\"kb_field_0\" id=\"kb_field_11_67e4b1-c3_0\" data-label=\"Votre nom\" type=\"text\" placeholder=\"\" value=\"\" data-type=\"text\" class=\"kb-field kb-text-style-field kb-text-field kb-field-0\" data-required=\"yes\" data-required-message=\"Merci d'inquider votre nom !\"\/><\/div><div class=\"kadence-blocks-form-field kb-form-field-1 kb-field-desk-width-100 kb-input-size-custom\"><label for=\"kb_field_11_67e4b1-c3_1\">Votre mail<\/label><input name=\"kb_field_1\" id=\"kb_field_11_67e4b1-c3_1\" data-label=\"Votre mail\" type=\"email\" placeholder=\"\" value=\"\" data-type=\"email\" class=\"kb-field kb-text-style-field kb-email-field kb-field-1\" data-required=\"yes\" data-validation-message=\"A\u00efe, il semble que votre mail n'est pas valide.\"\/><\/div><div class=\"kadence-blocks-form-field kb-form-field-2 kb-field-desk-width-100 kb-input-size-custom\"><label for=\"kb_field_11_67e4b1-c3_2\">Votre message<\/label><textarea name=\"kb_field_2\" id=\"kb_field_11_67e4b1-c3_2\" data-label=\"Votre message\" type=\"textarea\" placeholder=\"\" data-type=\"textarea\" class=\"kb-field kb-text-style-field kb-textarea-field kb-field-2\" rows=\"4\" data-required=\"yes\" data-required-message=\"Champ requis\"><\/textarea><\/div><input type=\"hidden\" name=\"_kb_form_id\" value=\"11_67e4b1-c3\"\/><input type=\"hidden\" name=\"_kb_form_post_id\" value=\"11\"\/><input type=\"hidden\" name=\"action\" value=\"kb_process_ajax_submit\"\/><input class=\"kadence-blocks-field verify\" type=\"text\" name=\"_kb_verify_email\" autocomplete=\"new-password\" aria-hidden=\"true\" placeholder=\"Email\" tabindex=\"-1\" data-1p-ignore=\"true\" data-lpignore=\"true\" \/><div class=\"kadence-blocks-form-field kb-submit-field kb-field-desk-width-25 kb-field-mobile-width-75\"><span id=\"kb_submit_label_11_67e4b1-c3\" class=\"screen-reader-text kb-submit-desc-label\">Envoyer<\/span><button aria-describedby=\"kb_submit_label_11_67e4b1-c3\" class=\"kb-forms-submit button kb-button-size-standard kb-button-width-auto\">Envoyer<\/button><\/div><\/form><\/div>\n<noscript><div class=\"kadence-blocks-form-message kadence-blocks-form-warning\">Please enable JavaScript in your browser to submit the form<\/div><style>.kadence-form-11_67e4b1-c3 .kadence-blocks-form-field.kb-submit-field { display: none; }<\/style><\/noscript>","protected":false},"excerpt":{"rendered":"<p>Me contacter N&#8217;h\u00e9sitez pas \u00e0 m&#8217;\u00e9crire si vous souhaitez acheter un tirage, avoir des renseignements ou juste \u00e9changer.<\/p>\n","protected":false},"author":1,"featured_media":0,"parent":0,"menu_order":0,"comment_status":"closed","ping_status":"closed","template":"","meta":{"_monsterinsights_skip_tracking":false,"_monsterinsights_sitenote_active":false,"_monsterinsights_sitenote_note":"","_monsterinsights_sitenote_category":0,"_kad_post_transparent":"","_kad_post_title":"","_kad_post_layout":"left","_kad_post_sidebar_id":"default","_kad_post_content_style":"unboxed","_kad_post_vertical_padding":"","_kad_post_feature":"","_kad_post_feature_position":"","_kad_post_header":false,"_kad_post_footer":false,"footnotes":""},"_links":{"self":[{"href":"https:\/\/martingatoux.fr\/index.php?rest_route=\/wp\/v2\/pages\/11"}],"collection":[{"href":"https:\/\/martingatoux.fr\/index.php?rest_route=\/wp\/v2\/pages"}],"about":[{"href":"https:\/\/martingatoux.fr\/index.php?rest_route=\/wp\/v2\/types\/page"}],"author":[{"embeddable":true,"href":"https:\/\/martingatoux.fr\/index.php?rest_route=\/wp\/v2\/users\/1"}],"replies":[{"embeddable":true,"href":"https:\/\/martingatoux.fr\/index.php?rest_route=%2Fwp%2Fv2%2Fcomments&post=11"}],"version-history":[{"count":66,"href":"https:\/\/martingatoux.fr\/index.php?rest_route=\/wp\/v2\/pages\/11\/revisions"}],"predecessor-version":[{"id":1105,"href":"https:\/\/martingatoux.fr\/index.php?rest_route=\/wp\/v2\/pages\/11\/revisions\/1105"}],"wp:attachment":[{"href":"https:\/\/martingatoux.fr\/index.php?rest_route=%2Fwp%2Fv2%2Fmedia&parent=11"}],"curies":[{"name":"wp","href":"https:\/\/api.w.org\/{rel}","templated":true}]}}